t h(b) be the first derivative of -b**4/4 + 5*b**3/3 - 3*b**2/2 - 3*b + 13591. What is h(q)?
6
Let w(r) be the first derivative of r**3/3 - 9*r**2/2 + 7*r - 7380. Calculate w(2).
-7
Let u(s) be the first derivative of s**4/4 + 10*s**3/3 - 9*s**2/2 + 16*s - 288. Suppose -l - 105 = -94. Calculate u(l).
-6
Let s(i) = -6*i + 18. Let z be s(-7). Let t be -2*1 + z/15. Suppose -t*c - 18 = 5*n - 3, 5*n + 15 = -5*c. Let q(h) = -h**2 + 3. What is q(c)?
3
Let p(d) be the third derivative of -d**5/6 - d**4/24 + 19*d**2. Suppose -o + 7 = -i - 2*o, -5*i + 3*o = 43. Let r be -2*(4/i - 0). What is p(r)?
-11
Suppose 0 = -f, 0 = -0*r + r + 4*f + 2. Let o be r*-3*(-14)/12. Let v(u) be the second derivative of -u**4/12 - u**3 + 4*u**2 - u - 85. What is v(o)?
1
Let u(i) = 7*i**3 - 4*i**2 - 10*i - 46. Let d(j) = 3*j**3 - 3*j**2 - 5*j - 23. Let v(y) = -5*d(y) + 2*u(y). Calculate v(8).
-1
Let u be (-20)/(-8) + (3/8)/(11/44). Let m(q) = -11*q**2 + 44*q. What is m(u)?
0
Suppose -4 = -2*n - j, 10 + 10 = 2*n - 3*j. Suppose 3*q - n*y + 13 = -9, -3*q = 2*y + 16. Let s(h) = -9*h + 1 + 3*h + 5*h. Calculate s(q).
7
Let z(u) = u**3 + 9*u**2 - u - 4. Let s be z(-9). Let j(n) be the third derivative of -1 + 1/6*n**3 + 0*n + 13*n**2 + 1/12*n**4. Calculate j(s).
11
Let q(p) be the third derivative of p**6/120 - p**5/30 - 7*p**4/24 - p**3/3 + p**2 + 3*p + 376. Calculate q(5).
38
Suppose 5*c + 4*b = 7*c - 8, 5*c = -4*b + 6. Let o(q) = -q - 11. Let z(k) = -2*k - 14. Let d(u) = 3*o(u) - 2*z(u). Calculate d(c).
-3
Let z(d) be the first derivative of 6*d**2 - 8*d - 1657. What is z(2)?
16
Suppose 3*n = 5*i - 48, 4*i + 0*n = 4*n + 32. Let c be -6*i/90*5. Let f(u) = 2*u**2 + 7*u + 6. Determine f(c).
10
Let j(z) be the first derivative of z**4/4 - 10*z**3/3 + 5*z**2 + 2*z + 454. Let s = 16 + -7. Determine j(s).
11
Let i(c) = -c**3 + c**2 + c + 50. Let s = 12644 - 12644. Calculate i(s).
50
Suppose 2*k = -3*j + 42 - 29, -5*k = -3*j - 22. Let r(v) = 7*v + 1. Calculate r(j).
8
Let l(j) = j + 1. Let a(s) = -6*s + 4. Let f(w) = a(w) + 3*l(w). Suppose -8*v = -5*v + 2*p - 6, -5*p - 10 = -5*v. Let b be -20*(v/(-40) - 4/20). What is f(b)?
-8
Suppose -7*x - 2 = -8*x. Suppose 8 = -x*j - i, -3*j - 7*i = -8*i + 7. Let w(k) = -k - 6. Calculate w(j).
-3
Let d(y) = -3*y + 1. Suppose -4*o - 2*k = 4, k + 0*k + 2 = 5*o. Suppose -19 = -4*r - x, -3*r + 3*x = -o*x - 18. Calculate d(r).
-14
Let c(t) = 7*t**2 + 18*t + 9. Let l(j) = -36*j**2 - 91*j - 46. Let z(q) = -31*c(q) - 6*l(q). Determine z(-14).
-31
Let h(g) be the first derivative of -2*g**3/3 - 8*g**2 - 17*g + 47. Let x(b) = -b**2 - 8*b - 8. Let f(k) = -2*h(k) + 5*x(k). Calculate f(-5).
9
Let z(k) = -4*k + 3*k + 18299941 - 18299945. Let x = 3 - 1. Let t = x + -8. What is z(t)?
2
Let t(w) = -w**2 + 11*w - 15. Suppose -3 = -d, -8 = -82*u + 80*u + 2*d. Determine t(u).
13
Let a(v) = -1143*v + 582*v + 7 + 570*v - 4. What is a(-2)?
-15
Let z(w) be the third derivative of -w**7/2520 - 7*w**6/720 + w**5/15 - 5*w**4/8 - 14*w**2 + 5. Let g(f) be the third derivative of z(f). Give g(-6).
5
Let z(f) = 109006 - 10*f + 0*f - 108971. Give z(4).
-5
Let p(w) = -35233*w + w**3 - 7 - 35235*w + 70458*w + w**2. Give p(-4).
-15
Let v be (4/(-14))/((-5856)/1708). Let j(x) be the second derivative of 20*x - 4/3*x**3 + 2*x**2 + 0 - v*x**4. Calculate j(-7).
11
Suppose -7*v + 1 = -34. Suppose v = 6*z - 19. Let u(o) = -2*o - 1. Calculate u(z).
-9
Suppose 54*w + 3*g + 57 = 51*w, 5*w = 5*g - 115. Let n(a) = 8*a + 162. Give n(w).
-6
Let z(r) be the third derivative of r**6/120 - 13*r**5/60 - r**4/3 - 8*r**3/3 - 191*r**2 - 9. Calculate z(14).
68
Let n(j) = -17*j - 157. Let w be n(-11). Suppose 2*d = w*d + 112. Let t(y) = y**3 + 5*y**2 + 2*y - 2. Give t(d).
6
Let x(z) = -31 - 82*z - 68*z + 151*z - 6*z**2. Let r(c) = -5*c**2 + 3*c - 30. Let t(g) = -5*r(g) + 4*x(g). What is t(6)?
-4
Suppose 9*x + 1709 = 1691. Let s(p) = 40*p - 3. What is s(x)?
-83
Suppose -11 = -s - 7. Let h(p) = -9*p**2 - s*p + 21 + 0*p**2 + 8*p**2. Let b be h(-7). Let o(y) = -y**3 - y**2 - y - 2. Determine o(b).
-2
Let t(j) = j**2 - 24*j - 176. Let o be 126/(-70)*(-230)/(-69). Calculate t(o).
4
Suppose -71*f + 76*f = 15. Let l(s) = s**2 - 3*s + 3. Let v be l(f). Let m be (-4)/v*(-54)/24. Let w(y) = -y**2 + 4. Give w(m).
-5
Let k(z) be the third derivative of -17/24*z**4 + z + 0 - 1/60*z**5 - 8/3*z**3 + 42*z**2. Calculate k(-16).
0
Let u(s) = -s + 1. Let g = 635 - 590. Let p be (144/g)/(2/(-5)). Determine u(p).
9
Let h(j) be the first derivative of 2*j**2 - 16*j + 1. Let a = -203016 - -203024. Determine h(a).
16
Let j(m) be the second derivative of -m**3/3 - 13*m**2 + 570*m + 2. Determine j(-10).
-6
Suppose 9*k - 4*k - 50 = 0. Let r be (13 - 24)*((-2)/(-16) + 18/(-16)). Let o = r - k. Let c(b) = -18*b**3 + 1. Give c(o).
-17
Suppose 43 = 5*x - 3*w - 30, -5*w = 5*x - 105. Let t(y) = 2*y - 37. Let q be t(x). Let v(z) = z**3 + 4*z**2 + 3*z + 2. What is v(q)?
2
Let i(x) = -x**2 - 3*x - 4. Let k(m) = 144*m**3 - m. Let o be k(1). Let t = 73 - o. Let u = t - -67. Calculate i(u).
-4
Let l be 11 - 10 - ((-1 - 2) + 2). Let x(o) = -l*o**2 - 3 - 13*o - 10 + o**2. Determine x(-12).
-1
Let c be (5 + -2 + 3)/(-1). Let q be 2*(c*1/(-3) - 1). Let g(t) = -3*t**2 + q*t**2 - 1 + 7*t - 12*t. Determine g(-6).
-7
Let c be 3/((-30)/44 + 15/20). Let x = c + -32. Let g(h) = h - 10. Determine g(x).
2
Let h(r) = r**3 + 8*r + 2 + 37*r**2 + 0*r - 41*r**2 - 4*r. What is h(3)?
5
Let i(p) = 13*p**3 + 34*p**2 - 63*p - 22. Let k(l) = -18*l**3 - 51*l**2 + 94*l + 33. Let d(x) = -7*i(x) - 5*k(x). Calculate d(15).
4
Let n(o) be the third derivative of o**5/60 - o**4/12 - o**3/3 - 92*o**2. Suppose -8*p = -5*p + 6. Give n(p).
6
Let j(p) = -30*p**3 + 26*p**2 + 31*p + 43. Let g(o) = 6*o**3 - 5*o**2 - 6*o - 8. Let n(m) = -21*g(m) - 4*j(m). Calculate n(2).
-44
Suppose -8*y + 199 = -7*y. Let s = y - 193. Let k(h) = -2*h + 11. Determine k(s).
-1
Suppose 12 = -2*t + 6*t. Let y(u) = 1 - 6*u + t*u - 2*u. Suppose -129 = -50312*f + 50355*f. What is y(f)?
16
Let a be (-9)/(-15)*(7 - 2). Suppose -5*v + 16 = -3*d, -v + 2*d = -0*d - 6. Let j(c) = 0*c**2 + 0*c**2 + 2*c**2 + 0*c**v - 2*c. What is j(a)?
12
Let c(q) = -6*q + 55. Let k be (5 - 2)/(3/9). Give c(k).
1
Let s(r) be the first derivative of -1/3*r**3 - 1/2*r**2 + 0*r + 1/2*r**4 + 134. What is s(-1)?
-2
Let y(a) = 10*a - 2. Let k(d) be the third derivative of -d**6/120 - d**5/20 + 3*d**4/4 + d**3 + 4*d**2. Let r be k(-6). Suppose 5*h + r = 16. Give y(h).
18
Suppose -130 = -3*m + 7*m - 5*v, 4*m + 112 = -4*v. Let j = 34 + m. Let p(w) be the first derivative of -3*w**2/2 + 6*w - 5. What is p(j)?
-6
Let w(f) = -f**2 + 26*f + 1. Let t(n) = -2*n**2 + 99*n + 29. Let z(k) = t(k) - 3*w(k). Give z(-11).
-84
Suppose 8*k = 10*k - 138. Let s = k + -72. Let c(n) be the third derivative of n**4/24 + 3*n**2 + 12*n. Determine c(s).
-3
Let i(w) = -9*w + 954 + 2*w**2 - 4*w**2 - 962 - 2*w - 3*w. Determine i(-6).
4
Suppose -s - 5 = -2. Let t(o) = o + 1. Let f(u) = -6. Let x(n) = -4. Let c(k) = -3*f(k) + 4*x(k). Let m(h) = -c(h) + 4*t(h). Determine m(s).
-10
Let s(g) = -4 - 213*g + 5 + 104*g + 112*g. Let t be 3 + 0 + -1 + 1. Suppose 4 = t*d - 5*d. What is s(d)?
-5
Let n(f) = -f**2 - 7*f - 12. Let m(j) = 64*j + 1019. Let p be m(-16). What is n(p)?
-2
Let r(j) = j + 2. Let t(c) = 416*c - 6 - 431*c - 9. Let o(y) = -12*r(y) - t(y). Calculate o(6).
9
Suppose -21*m = 25*m. Let q(y) be the third derivative of -1/6*y**3 - 1/20*y**5 - 1/24*y**4 - 12*y**2 + m*y + 0. Give q(-1).
-3
Let p = -351 - -211. Let m = -216 - p. Let q = -83 - m. Let v(a) = -a**2 - 7*a + 5. Give v(q).
5
Let w(f) be the first derivative of 43*f**2/2 - 631*f - 9806. Calculate w(15).
14
Suppose -4*k + 2*b = -44, 13*k + 2*b - 36 = 9*k. Let v(f) = -7 - 11*f + 1 + 8*f**2 - k*f**2. Give v(-5).
-1
Let j(c) = -175*c - 5 + 6 - 7*c**2 + 176*c - c**2 + 7*c**2. Calculate j(-1).
-1
Let r(l) = -l**2 - 47*l - 212. Let j be (3490/(-1047))/(3 + -1 - (-4)/(-3)). What is r(j)?
-2
Suppose -1619 - 8755 = 399*s. Let g(f) = -4*f**2 - 103*f + 24. What is g(s)?
-2
Let b be 5/((-30)/6 - -6). Let v(n) = -b*n + 3*n + n - 9*n. Calculate v(1).
-10
Let p(t) be the third derivative of -1/12*t**4 + 0*t**3 + 0 + 2*t**2 + 0*t. Suppose -k = -w - 34 + 35, 4*w = 3*k. Give p(k).
8
Let g(c) = c**3 - 8*c**2 - 12*c + 17. 